 32. Suppose 0*z + 10 = 5*z, -z + 6 = 4*h. Let m be (h + 3)*315/28. Calculate the highest common factor of m and w.
9
Let v be (-5)/2*6/(-3). Let u(m) = m**3 + 3. Let t be u(v). Calculate the greatest common factor of 16 and t.
16
Let v be ((-63)/28)/(9/(-24)). Let x = 66 + -42. What is the highest common factor of v and x?
6
Let d = 278 - 152. Suppose 0*o = -3*o, -2*m + 3*o = -d. What is the greatest common divisor of m and 9?
9
Let l(h) = h**3 + 6*h**2 - 5. Suppose i - 20 = 6*i. Let u be l(i). Let s(x) = -4*x + 2. Let y be s(-4). What is the greatest common factor of u and y?
9
Suppose -4*u + 19 + 201 = 0. Calculate the highest common factor of u and 11.
11
Suppose -5*x - 15 + 0 = 0, 3*m - 5*x - 39 = 0. Let h = m + 0. What is the greatest common divisor of 2 and h?
2
Let i(y) = y**2 - 4*y + 1. Let h be i(6). Suppose 4*x = -86 + 242. What is the greatest common divisor of h and x?
13
Suppose -x + 19 = -13. Let h(f) = -f. Let v be h(6). Let y be (-1)/((-9)/v)*-12. What is the greatest common factor of y and x?
8
Let n(q) = -q**2 - 11*q + 9. Let l be n(-7). Suppose l = 3*s - 17. Calculate the highest common divisor of 18 and s.
18
Suppose 5*n + 4*s - 9*s = 30, -5*n + 20 = 5*s. Suppose 71 = -n*a - 29. Let z = 33 + a. What is the highest common factor of 13 and z?
13
Suppose -2*m = 2*m - 16. Suppose -4 = i + 5*c, -c = 6 - 4. Let p(r) = r**3 - 6*r**2 + 2*r - 2. Let h be p(i). Calculate the highest common divisor of h and m.
2
Suppose -161 = -5*k - 1. Let o be k/6*270/20. What is the greatest common divisor of o and 9?
9
Let t be 29/6 - 1/(-6). What is the highest common divisor of 1 and t?
1
Let a = 176 - 116. What is the highest common factor of a and 20?
20
Let o(f) = 2*f**2 - 2 - f**2 + 2*f**2 - 4*f. Let t(w) = 3*w - 11. Let u be t(5). Let g be o(u). What is the highest common divisor of g and 10?
10
Suppose 2*i + 5*s = 52, -3*i + s + 32 = -3*s. Let t = -84 - -164. What is the greatest common divisor of t and i?
16
Let l be 3 + 2 + -3 - -15. What is the highest common factor of 119 and l?
17
Suppose -4*t - 3*s + 2 = 2*s, s + 5 = t. Suppose -3*d = -49 - 14. Calculate the highest common divisor of t and d.
3
Let n(l) = -49*l - 1. Let r be n(-1). What is the greatest common divisor of r and 6?
6
Suppose 0 = -4*u + 3*u - 5*p - 18, p - 2 = -u. Let v = -5 + u. Suppose 73 - 6 = 4*y - q, v*q = y - 8. What is the greatest common factor of 18 and y?
18
Let o = -12 + 24. Let i(z) = 2*z - 4. Let b be i(o). Suppose 3*s - h - 92 = -3*h, 4*s + 2*h = 122. Calculate the highest common divisor of s and b.
10
Suppose -8 = 2*v - 68. Let o be v*3*48/20. What is the greatest common divisor of o and 27?
27
Let s = 18 - 17. What is the highest common divisor of s and 7?
1
Suppose 4*a + 217 = 1817. Suppose -3*k = -4*j - 2*k + a, -3*k + 87 = j. Suppose -4*i + 13 = -31. What is the highest common factor of j and i?
11
Let k(h) = -h**3 + 5*h**2 - 6*h + 17. Let p be k(4). What is the greatest common factor of p and 3?
3
Let l(n) = n. Let a be l(3). Suppose -8*f + 120 = -a*f. Let y(h) = -3*h - 7. Let c be y(-5). Calculate the greatest common divisor of f and c.
8
Let m = -13 + 29. Let j be 10/4*(1 - -63). Suppose -5*z = -z - j. What is the greatest common factor of m and z?
8
Suppose -r = -4*f + r + 42, r - 34 = -3*f. Calculate the greatest common divisor of 1 and f.
1
Let y(s) = -3*s**2 - s - 1. Let c be y(-4). Let d = c - -105. Let t be 3/(-8)*-2*20. Calculate the greatest common factor of t and d.
15
Let w = 3 + -1. Suppose -2*k = -5*k - 3*c + 66, -w*c - 110 = -5*k. Suppose 2*b - k = 46. Calculate the greatest common divisor of 17 and b.
17
Suppose 50 = 2*d + 4*o, 3*d + 2*o - 40 = 3*o. Let t = -171 + 276. What is the greatest common divisor of t and d?
15
Suppose -4*k = -1 - 15, -s = -4*k + 4. Suppose 7*a - s = 6*a. Calculate the highest common divisor of a and 132.
12
Let f = 23 + -15. Let d = f + 19. Calculate the highest common factor of d and 9.
9
Let c = -6 - -21. What is the highest common divisor of 105 and c?
15
Suppose 3*m = 25 + 65. Calculate the greatest common divisor of 15 and m.
15
Let b be ((-5)/((-35)/7))/(2/34). Let j = 84 - 50. Calculate the highest common divisor of b and j.
17
Let m = -753 + 771. Let c(n) be the first derivative of -n**4/2 - n**3/3 + n - 1. Let q be c(-1). Calculate the greatest common factor of m and q.
2
Suppose 4*x - 6*x + 16 = 0. Calculate the greatest common factor of 64 and x.
8
Suppose -30 = -0*q - 2*q + 3*m, 0 = 4*q + m - 60. Calculate the greatest common factor of 15 and q.
15
Let o = 4 + 1. Let y = 0 - -5. Suppose -9 = -5*a + 4*p, 4*a = y*a - 4*p - 5. Calculate the highest common divisor of o and a.
1
Let z = -170 + 265. Suppose 2*p + 3*p - z = 0. Let k(n) = n**3 - 3*n**2 - n - 7. Let x be k(6). What is the highest common divisor of x and p?
19
Let a = 9 - 6. Suppose s = -a*s + 192. What is the greatest common divisor of 6 and s?
6
Suppose -2*j + 48 = 8. Let r be -2*(-2 - 1/2). Suppose i - 35 = r. Calculate the highest common divisor of i and j.
20
Suppose -10 = -y + 39. What is the highest common factor of 539 and y?
49
Suppose 9*o - 121 = 77. Let k be (-33)/(-2)*20/6. What is the greatest common factor of k and o?
11
Let c = -17 + 30. Let k = -953 + 1096. What is the greatest common factor of c and k?
13
Let h(i) = i**2 - 12*i - 6. Suppose z + d = -0*z - 5, -3*z = d + 21. Let n be h(z). Let q = -13 + 27. What is the greatest common divisor of q and n?
14
Suppose 5*i - 3*i = 16. What is the highest common divisor of 128 and i?
8
Let h = -2 + 3. Let p be 2 - (7 - h)*-1. Let w(m) = -m**3 - 6*m**2 + 6*m + 8. Let u be w(-8). What is the greatest common divisor of u and p?
8
Let y be 812/12 - 3 - 1/(-3). Calculate the highest common divisor of 39 and y.
13
Suppose 3*j + 67 = 364. Let m = 7 + 4. What is the greatest common factor of j and m?
11
Let h be (-2776)/(-24) - 4/6. Suppose -n + 4*f = 3*f - 55, -h = -2*n - 3*f. What is the highest common divisor of n and 8?
8
Let h be (-35)/(-20) - (-1)/4. Suppose 3*d = -3*l + 66, 3*l + 0 = d - h. What is the highest common factor of d and 119?
17
Let n(j) = -j**3 + 8*j**2 + j - 3. Let t be n(6). Suppose a = 5*u - 121, -4*u - u + 4*a + 109 = 0. Calculate the highest common factor of t and u.
25
Let i be 0 - (4 - (-1 - -187)). Let x be (0 - -1)/(3/78). Calculate the greatest common divisor of x and i.
26
Let z = 14 + 11. Suppose 5*b = 4*h + 58, 3*b + b - 32 = -4*h. Calculate the highest common divisor of b and z.
5
Let m = -12 + 4. Let a = m + 20. What is the greatest common factor of 12 and a?
12
Suppose 4*b + 4*f = 144, -104 = -3*b - f - f. Calculate the greatest common divisor of 144 and b.
16
Let d(u) be the first derivative of u**2/2 - 3*u - 1. Let p be d(-4). Let r be (p/(-2))/((-3)/(-30)). What is the greatest common divisor of 14 and r?
7
Let a = 19 - -29. Calculate the highest common divisor of 60 and a.
12
Let m = 1 - 1. Suppose -3*x = -m*x. Suppose -5*v + 305 + 190 = x. What is the greatest common factor of v and 9?
9
Let y(p) be the first derivative of -p**2/2 + 9*p + 7. Let o be y(-7). Suppose 7*s = 2*s + 10. Calculate the highest common divisor of s and o.
2
Let g = 20 + 40. Calculate the highest common divisor of 15 and g.
15
Let r = 74 + -10. Suppose 0*b + b - 5 = 0, -5*s = -3*b - 65. What is the greatest common divisor of r and s?
16
Let t be (-2 + 3/2)*-20. Suppose 0*d - 5*d + t = 0. Suppose -d = 2*b - 8. Calculate the greatest common factor of b and 33.
3
Suppose -4*f = -61 + 5. Let r = -8 + f. What is the greatest common factor of 2 and r?
2
Let r be 61 - (1 - 9/3). Calculate the highest common divisor of 9 and r.
9
Suppose f + 76 = 2*n, n + 9 - 33 = 4*f. Let b be ((n*-1)/4)/(-1). Calculate the highest common factor of b and 80.
10
Let q be (1 - 1)*(-14)/42 - -70. What is the highest common factor of 10 and q?
10
Let f(x) = -60*x - 6. Let a be f(-5). Let y = -166 + a. What is the greatest common factor of 16 and y?
16
Suppose 0 = -o - 5*g + 1, 4*o - 3*o - 28 = 4*g. Calculate the greatest common divisor of 2 and o.
2
Let s(d) be the first derivative of d**3/3 - 7*d**2/2 + 10*d + 1. Let b be s(7). What is the greatest common factor of b and 1?
1
Let y be 4/14 - (-2)/(-7). Let l be 120 + (1 + 0 - y). Let q be ((-11)/(-6))/(2/12). What is the highest common factor of q